{"id":71,"date":"2017-09-19T23:31:04","date_gmt":"2017-09-19T21:31:04","guid":{"rendered":"http:\/\/animalotop.com\/?page_id=71"},"modified":"2025-03-03T15:40:25","modified_gmt":"2025-03-03T14:40:25","slug":"qui-suis-je","status":"publish","type":"page","link":"https:\/\/animalotop.com\/index.php\/accueil\/qui-suis-je\/","title":{"rendered":"Qui suis-je?"},"content":{"rendered":"<p>BIOGRAPHIE de votre Comportementaliste\u00a0 ?<\/p>\n<p><img loading=\"lazy\" decoding=\"async\" class=\"wp-image-75 aligncenter\" src=\"http:\/\/animalotop.com\/wp-content\/uploads\/2017\/09\/agnes-300x199.jpg\" alt=\"Animal O'Top, Comportementaliste chats, Comportementaliste chiens, sp\u00e9cialiste chiens et chats, eleveur\" width=\"440\" height=\"292\" srcset=\"https:\/\/animalotop.com\/wp-content\/uploads\/2017\/09\/agnes-300x199.jpg 300w, https:\/\/animalotop.com\/wp-content\/uploads\/2017\/09\/agnes-768x510.jpg 768w, https:\/\/animalotop.com\/wp-content\/uploads\/2017\/09\/agnes.jpg 840w\" sizes=\"(max-width: 440px) 100vw, 440px\" \/><\/p>\n<p style=\"text-align: justify;\">30 ans d\u2019exp\u00e9rience de vie aupr\u00e8s des chiens et des chats<\/p>\n<p style=\"text-align: justify;\">V\u00e9ritable passionn\u00e9e par les animaux depuis l&rsquo;enfance<\/p>\n<p style=\"text-align: justify;\">Assistante de direction de formation ayant offici\u00e9\u00a0 plus de 25 ans dans de groupes industriels reconvertie dans le domaine du monde animal,\u00a0 depuis plus de 15 ans en \u00e9leveur professionnel de chats puis sp\u00e9cialis\u00e9e dans le comportement depuis plus de\u00a010 ans en tant que <b>\u00a0Comportementaliste\u00a0 canin et f\u00e9lin<\/b>.<\/p>\n<p style=\"text-align: v;\">Ayant toujours v\u00e9cu aupr\u00e8s d\u2018une grande vari\u00e9t\u00e9\u00a0 d\u2019animaux de la ferme, chiens, chats , oiseaux, chevaux, cochons et moutons.\u00a0Ai eu plusieurs grands chiens de berger :\u00a0 Deux bergers allemands, trois bergers belges malinois, un beauceron et\u00a0 une malinoise qui vit encore avec moi actuellement.<\/p>\n<p style=\"text-align: justify;\">Ancienne comp\u00e9titrice en Ring, finaliste du championnat de France RING en 2002 \u00e0 Vichy.<\/p>\n<p style=\"text-align: justify;\">Monitrice d\u2019\u00e9ducation canine dans divers clubs de la r\u00e9gion Rh\u00f4ne-Alpes.<\/p>\n<p style=\"text-align: justify;\">Reconvertie du monde canin au monde f\u00e9lin par une v\u00e9ritable r\u00e9v\u00e9lation avec la d\u00e9couverte du chat Bengal dont je suis tomb\u00e9e amoureuse au point de d\u00e9cider de l&rsquo;\u00e9lever pour faire partager aux gens la relation qu&rsquo;on peut avoir avec ces chats absolument exceptionnels !<\/p>\n<p style=\"text-align: justify;\">Elevage familial de chats de race bengal depuis 2008<\/p>\n<p style=\"text-align: justify;\">Formation de Comportementaliste Canin et f\u00e9lin et d\u2019\u00e9ducateur canin aupr\u00e8s de VOX ANIMAE en Alsace en pr\u00e9sentiel effectu\u00e9e en 2014 et 2015<\/p>\n<p>Formation Reikki, en 2018 afin d&rsquo;appliquer ses bienfaits sur\u00a0 nos propres animaux.<\/p>\n<p>Formation\u00a0 \u00a0\u00e0 la Communication animale CA, effectu\u00e9e en 2018.<\/p>\n<p>Formation PECCRAM par Chantal Hazard , juin 2018.\u00a0 Programme d&rsquo;Education \u00e0 la Connaissance du Chien et au Risque d&rsquo;Accidents par Morsures, afin d&rsquo;intervenir dans les \u00e9coles, centres a\u00e9r\u00e9s et partout o\u00f9 il est possible d&rsquo;apprendre aux enfants\u00a0 \u00e0 mieux connaitre le chien et \u00e0 savoir se comporter avec lui afin d&rsquo;\u00e9viter les accidents.<\/p>\n<p style=\"text-align: justify;\">Titulaire du Certificat de Capacit\u00e9 f\u00e9lin N\u00b0 95-185 pour l\u2019exercice de l\u2019activit\u00e9 d\u2019\u00e9leveur obtenu le 30 aout 2008 et d\u00e9livr\u00e9 par la Pr\u00e9fecture du Val d\u2019Oise DDSV.<\/p>\n<p>Plusieurs mises \u00e0 jour des connaissances effectu\u00e9es depuis lors.<\/p>\n<p style=\"text-align: justify;\">C.C.A.D.\u00a0 CHIENS N\u00b0 obtenu \u00e0 l\u2019ENVA (Ecole Nationale V\u00e9t\u00e9rinaire de Maison Alfort )d\u00e9livr\u00e9 le 20 mai 2015 N\u00b0 95-291<\/p>\n<p><img loading=\"lazy\" decoding=\"async\" class=\"alignnone size-medium wp-image-88\" src=\"http:\/\/animalotop.com\/wp-content\/uploads\/2017\/09\/animalOtop_pr\u00e9sentation1-300x280.jpg\" alt=\"Animal O'Top , comportementaliste chiens , comportementaliste chats\" width=\"300\" height=\"280\" \/><\/p>\n","protected":false},"excerpt":{"rendered":"<p>BIOGRAPHIE de votre Comportementaliste\u00a0 ? 30 ans d\u2019exp\u00e9rience de vie aupr\u00e8s des chiens et des chats V\u00e9ritable passionn\u00e9e par les animaux depuis l&rsquo;enfance Assistante de direction de formation ayant offici\u00e9\u00a0 plus de 25 ans dans de groupes industriels reconvertie dans le domaine du monde animal,\u00a0 depuis plus de 15 ans en \u00e9leveur professionnel de chats [&hellip;]<\/p>\n<a href=\"https:\/\/animalotop.com\/index.php\/accueil\/qui-suis-je\/\"> Lire la suite...<\/a>","protected":false},"author":1,"featured_media":0,"parent":270,"menu_order":0,"comment_status":"closed","ping_status":"closed","template":"","meta":{"footnotes":""},"yoast_head":"<!-- This site is optimized with the Yoast SEO plugin v20.3 - https:\/\/yoast.com\/wordpress\/plugins\/seo\/ -->\n<title>Qui suis-je? - Animal O&#039;top<\/title>\n<meta name=\"description\" content=\"Comportementaliste chiens, Comportementaliste chats exp\u00e9riment\u00e9e, sp\u00e9cialiste chiens et chats en essonne et toute la r\u00e9gion parisienne.\" \/>\n<meta name=\"robots\" content=\"index, follow, max-snippet:-1, max-image-preview:large, max-video-preview:-1\" \/>\n<link rel=\"canonical\" href=\"https:\/\/animalotop.com\/index.php\/accueil\/qui-suis-je\/\" \/>\n<meta property=\"og:locale\" content=\"fr_FR\" \/>\n<meta property=\"og:type\" content=\"article\" \/>\n<meta property=\"og:title\" content=\"Qui suis-je? - Animal O&#039;top\" \/>\n<meta property=\"og:description\" content=\"Comportementaliste chiens, Comportementaliste chats exp\u00e9riment\u00e9e, sp\u00e9cialiste chiens et chats en essonne et toute la r\u00e9gion parisienne.\" \/>\n<meta property=\"og:url\" content=\"https:\/\/animalotop.com\/index.php\/accueil\/qui-suis-je\/\" \/>\n<meta property=\"og:site_name\" content=\"Animal O&#039;top\" \/>\n<meta property=\"article:modified_time\" content=\"2025-03-03T14:40:25+00:00\" \/>\n<meta property=\"og:image\" content=\"http:\/\/animalotop.com\/wp-content\/uploads\/2017\/09\/agnes-300x199.jpg\" \/>\n<meta name=\"twitter:card\" content=\"summary_large_image\" \/>\n<meta name=\"twitter:label1\" content=\"Dur\u00e9e de lecture estim\u00e9e\" \/>\n\t<meta name=\"twitter:data1\" content=\"3 minutes\" \/>\n<script type=\"application\/ld+json\" class=\"yoast-schema-graph\">{\"@context\":\"https:\/\/schema.org\",\"@graph\":[{\"@type\":\"WebPage\",\"@id\":\"https:\/\/animalotop.com\/index.php\/accueil\/qui-suis-je\/\",\"url\":\"https:\/\/animalotop.com\/index.php\/accueil\/qui-suis-je\/\",\"name\":\"Qui suis-je? - Animal O&#039;top\",\"isPartOf\":{\"@id\":\"http:\/\/animalotop.com\/#website\"},\"datePublished\":\"2017-09-19T21:31:04+00:00\",\"dateModified\":\"2025-03-03T14:40:25+00:00\",\"description\":\"Comportementaliste chiens, Comportementaliste chats exp\u00e9riment\u00e9e, sp\u00e9cialiste chiens et chats en essonne et toute la r\u00e9gion parisienne.\",\"breadcrumb\":{\"@id\":\"https:\/\/animalotop.com\/index.php\/accueil\/qui-suis-je\/#breadcrumb\"},\"inLanguage\":\"fr-FR\",\"potentialAction\":[{\"@type\":\"ReadAction\",\"target\":[\"https:\/\/animalotop.com\/index.php\/accueil\/qui-suis-je\/\"]}]},{\"@type\":\"BreadcrumbList\",\"@id\":\"https:\/\/animalotop.com\/index.php\/accueil\/qui-suis-je\/#breadcrumb\",\"itemListElement\":[{\"@type\":\"ListItem\",\"position\":1,\"name\":\"Accueil\",\"item\":\"http:\/\/animalotop.com\/\"},{\"@type\":\"ListItem\",\"position\":2,\"name\":\"Accueil\",\"item\":\"http:\/\/animalotop.com\/index.php\/accueil\/\"},{\"@type\":\"ListItem\",\"position\":3,\"name\":\"Qui suis-je?\"}]},{\"@type\":\"WebSite\",\"@id\":\"http:\/\/animalotop.com\/#website\",\"url\":\"http:\/\/animalotop.com\/\",\"name\":\"Animal O&#039;top\",\"description\":\"Comportementaliste canin et f\u00e9lin, \u00e9ducation canine ,sp\u00e9cialiste du comportement, dipl\u00f4m\u00e9e, \u00e0 votre \u00e9coute pour tout souci de comportement avec votre chien ou votre chat. sommes situ\u00e9s \u00e0 15 kms de Paris, \u00e0 Enghien els bains (val d&#039;oise) (\u00efle de France) se d\u00e9place sur la r\u00e9gion parisienne et l\u2019Oise,\",\"potentialAction\":[{\"@type\":\"SearchAction\",\"target\":{\"@type\":\"EntryPoint\",\"urlTemplate\":\"http:\/\/animalotop.com\/?s={search_term_string}\"},\"query-input\":\"required name=search_term_string\"}],\"inLanguage\":\"fr-FR\"}]}<\/script>\n<!-- \/ Yoast SEO plugin. -->","yoast_head_json":{"title":"Qui suis-je? - Animal O&#039;top","description":"Comportementaliste chiens, Comportementaliste chats exp\u00e9riment\u00e9e, sp\u00e9cialiste chiens et chats en essonne et toute la r\u00e9gion parisienne.","robots":{"index":"index","follow":"follow","max-snippet":"max-snippet:-1","max-image-preview":"max-image-preview:large","max-video-preview":"max-video-preview:-1"},"canonical":"https:\/\/animalotop.com\/index.php\/accueil\/qui-suis-je\/","og_locale":"fr_FR","og_type":"article","og_title":"Qui suis-je? - Animal O&#039;top","og_description":"Comportementaliste chiens, Comportementaliste chats exp\u00e9riment\u00e9e, sp\u00e9cialiste chiens et chats en essonne et toute la r\u00e9gion parisienne.","og_url":"https:\/\/animalotop.com\/index.php\/accueil\/qui-suis-je\/","og_site_name":"Animal O&#039;top","article_modified_time":"2025-03-03T14:40:25+00:00","og_image":[{"url":"http:\/\/animalotop.com\/wp-content\/uploads\/2017\/09\/agnes-300x199.jpg"}],"twitter_card":"summary_large_image","twitter_misc":{"Dur\u00e9e de lecture estim\u00e9e":"3 minutes"},"schema":{"@context":"https:\/\/schema.org","@graph":[{"@type":"WebPage","@id":"https:\/\/animalotop.com\/index.php\/accueil\/qui-suis-je\/","url":"https:\/\/animalotop.com\/index.php\/accueil\/qui-suis-je\/","name":"Qui suis-je? - Animal O&#039;top","isPartOf":{"@id":"http:\/\/animalotop.com\/#website"},"datePublished":"2017-09-19T21:31:04+00:00","dateModified":"2025-03-03T14:40:25+00:00","description":"Comportementaliste chiens, Comportementaliste chats exp\u00e9riment\u00e9e, sp\u00e9cialiste chiens et chats en essonne et toute la r\u00e9gion parisienne.","breadcrumb":{"@id":"https:\/\/animalotop.com\/index.php\/accueil\/qui-suis-je\/#breadcrumb"},"inLanguage":"fr-FR","potentialAction":[{"@type":"ReadAction","target":["https:\/\/animalotop.com\/index.php\/accueil\/qui-suis-je\/"]}]},{"@type":"BreadcrumbList","@id":"https:\/\/animalotop.com\/index.php\/accueil\/qui-suis-je\/#breadcrumb","itemListElement":[{"@type":"ListItem","position":1,"name":"Accueil","item":"http:\/\/animalotop.com\/"},{"@type":"ListItem","position":2,"name":"Accueil","item":"http:\/\/animalotop.com\/index.php\/accueil\/"},{"@type":"ListItem","position":3,"name":"Qui suis-je?"}]},{"@type":"WebSite","@id":"http:\/\/animalotop.com\/#website","url":"http:\/\/animalotop.com\/","name":"Animal O&#039;top","description":"Comportementaliste canin et f\u00e9lin, \u00e9ducation canine ,sp\u00e9cialiste du comportement, dipl\u00f4m\u00e9e, \u00e0 votre \u00e9coute pour tout souci de comportement avec votre chien ou votre chat. sommes situ\u00e9s \u00e0 15 kms de Paris, \u00e0 Enghien els bains (val d&#039;oise) (\u00efle de France) se d\u00e9place sur la r\u00e9gion parisienne et l\u2019Oise,","potentialAction":[{"@type":"SearchAction","target":{"@type":"EntryPoint","urlTemplate":"http:\/\/animalotop.com\/?s={search_term_string}"},"query-input":"required name=search_term_string"}],"inLanguage":"fr-FR"}]}},"_links":{"self":[{"href":"https:\/\/animalotop.com\/index.php\/wp-json\/wp\/v2\/pages\/71"}],"collection":[{"href":"https:\/\/animalotop.com\/index.php\/wp-json\/wp\/v2\/pages"}],"about":[{"href":"https:\/\/animalotop.com\/index.php\/wp-json\/wp\/v2\/types\/page"}],"author":[{"embeddable":true,"href":"https:\/\/animalotop.com\/index.php\/wp-json\/wp\/v2\/users\/1"}],"replies":[{"embeddable":true,"href":"https:\/\/animalotop.com\/index.php\/wp-json\/wp\/v2\/comments?post=71"}],"version-history":[{"count":17,"href":"https:\/\/animalotop.com\/index.php\/wp-json\/wp\/v2\/pages\/71\/revisions"}],"predecessor-version":[{"id":848,"href":"https:\/\/animalotop.com\/index.php\/wp-json\/wp\/v2\/pages\/71\/revisions\/848"}],"up":[{"embeddable":true,"href":"https:\/\/animalotop.com\/index.php\/wp-json\/wp\/v2\/pages\/270"}],"wp:attachment":[{"href":"https:\/\/animalotop.com\/index.php\/wp-json\/wp\/v2\/media?parent=71"}],"curies":[{"name":"wp","href":"https:\/\/api.w.org\/{rel}","templated":true}]}}