{"id":49,"date":"2017-09-19T22:48:13","date_gmt":"2017-09-19T20:48:13","guid":{"rendered":"http:\/\/animalotop.com\/?page_id=49"},"modified":"2023-03-27T17:08:51","modified_gmt":"2023-03-27T15:08:51","slug":"education-canine","status":"publish","type":"page","link":"https:\/\/animalotop.com\/index.php\/education-canine\/","title":{"rendered":"Education Canine"},"content":{"rendered":"<p style=\"text-align: justify;\"><img loading=\"lazy\" decoding=\"async\" class=\"alignnone size-medium wp-image-464\" src=\"http:\/\/animalotop.com\/wp-content\/uploads\/2017\/11\/education-chien3-300x188.jpg\" alt=\"Animal O'top, \u00e9ducateur canin, comportementaliste chien, comportementaliste chat\" width=\"300\" height=\"188\" srcset=\"https:\/\/animalotop.com\/wp-content\/uploads\/2017\/11\/education-chien3-300x188.jpg 300w, https:\/\/animalotop.com\/wp-content\/uploads\/2017\/11\/education-chien3.jpg 576w\" sizes=\"(max-width: 300px) 100vw, 300px\" \/>L&rsquo;\u00e9ducation canine consiste \u00e0 transmettre aux propri\u00e9taires de chiens des techniques de conditionnement dans le but de les aider \u00e0 apprendre \u00e0 leurs compagnons certaines r\u00e8gles de vie utiles tant \u00e0 la maison qu&rsquo;au sein de la soci\u00e9t\u00e9. Ainsi l&rsquo;\u00e9ducation canine recouvre des apprentissages de base comme le \u00ab\u00a0assis\u00a0\u00bb, le \u00ab\u00a0coucher\u00a0\u00bb, le \u00ab\u00a0pas bouger\u00a0\u00bb, la \u00ab\u00a0marche au pied\u00a0\u00bb mais aussi l&rsquo;apprentissage de la propret\u00e9, l&rsquo;apprentissage de la solitude, l\u2019apprentissage du bon comportement entre cong\u00e9n\u00e8res.<\/p>\n<p style=\"text-align: justify;\">L\u2019\u00e9ducation canine dans notre optique est une activit\u00e9 compl\u00e9mentaire au comportement, nous vous donnerons des conseils pour g\u00e9rer vous-m\u00eame les diff\u00e9rentes situations.<\/p>\n<p style=\"text-align: justify;\"><strong>Il est important de savoir que l&rsquo;\u00e9ducateur canin n&rsquo;\u00e9duque donc pas le chien \u00e0 la place de son ma\u00eetre<\/strong> ;<\/p>\n<p style=\"text-align: justify;\">il l&rsquo;accompagne dans l&rsquo;\u00e9ducation de son compagnon afin qu&rsquo;il ait les bons codes indispensables \u00e0 une vie de chien dans notre soci\u00e9t\u00e9 d&rsquo;humains.<\/p>\n<p><img loading=\"lazy\" decoding=\"async\" class=\"alignnone size-medium wp-image-461 alignright\" src=\"http:\/\/animalotop.com\/wp-content\/uploads\/2017\/11\/blog-chien-education-300x200.jpg\" alt=\"Animal O'top, comportementaliste chien, comportementaliste chats, \u00e9ducation canine, destruction chien\" width=\"300\" height=\"200\" srcset=\"https:\/\/animalotop.com\/wp-content\/uploads\/2017\/11\/blog-chien-education-300x200.jpg 300w, https:\/\/animalotop.com\/wp-content\/uploads\/2017\/11\/blog-chien-education-768x511.jpg 768w, https:\/\/animalotop.com\/wp-content\/uploads\/2017\/11\/blog-chien-education.jpg 1000w\" sizes=\"(max-width: 300px) 100vw, 300px\" \/><\/p>\n<p style=\"text-align: justify;\">Et comme l&rsquo;exige la loi, le propri\u00e9taire pourra avec un tel accompagnement avoir le contr\u00f4le de son chien.<\/p>\n<p style=\"text-align: justify;\">Nous vous apprendrons donc \u00e0 d\u00e9coder votre animal, l\u2019observation est primordiale. Parfois notre attitude, notre corps parlent tous seuls, il faut observer son chien, comprendre les \u00e9motions qu\u2019il ressent, d\u00e9coder ses postures, les signaux qu\u2019il envoi pour adapter notre propre comportement. Le chien n\u2019est pas une machine, il r\u00e9agit par rapport \u00e0 l\u2019environnement et d\u00e9coder les messages nous permet d\u2019anticiper et de l\u2019aider \u00e0 s\u2019apaiser (ce qui permet de limiter des comportements de type excitation par exemple)<\/p>\n<p style=\"text-align: justify;\"><img loading=\"lazy\" decoding=\"async\" class=\"alignnone  wp-image-462\" src=\"http:\/\/animalotop.com\/wp-content\/uploads\/2017\/11\/dressage_chien-fb-5947860b90278-300x157.jpg\" alt=\"Animal O'top, comportementaliste chien, comportementaliste chat, education canine\" width=\"338\" height=\"177\" srcset=\"https:\/\/animalotop.com\/wp-content\/uploads\/2017\/11\/dressage_chien-fb-5947860b90278-300x157.jpg 300w, https:\/\/animalotop.com\/wp-content\/uploads\/2017\/11\/dressage_chien-fb-5947860b90278.jpg 630w\" sizes=\"(max-width: 338px) 100vw, 338px\" \/><strong>Le chien vit dans un monde d\u2019humains nous lui demandons beaucoup, il doit s\u2019adapter \u00e0 nous sans cesse, nous pouvons aussi faire un effort pour le comprendre, en tout cas pour\u00a0<\/strong><strong>bien communiquer avec lui, la relation sera plus qualitative.<\/strong><\/p>\n<p style=\"text-align: justify;\">Notre approche est sans aucun rapport de force, nous bannissons tout ce qui est coercitif\u00a0 (colliers \u00e0 pointes, \u00e9trangleurs, collier \u00e9lectrique) pour privil\u00e9gier\u00a0 une approche douce, et respectueuse de l\u2019animal.<\/p>\n<h3 style=\"text-align: justify;\"><strong>EDUCATION CANINE \u2013 S\u00c9ANCES INDIVIDUELLES\u00a0<\/strong><strong>selon la M\u00c9THODE du \u00ab\u00a0renforcement POSITIF\u00a0\u00bb<\/strong><\/h3>\n<p style=\"text-align: justify;\"><b>QUELQUES EXEMPLES :<\/b><\/p>\n<p><img loading=\"lazy\" decoding=\"async\" class=\"alignnone  wp-image-460 alignright\" src=\"http:\/\/animalotop.com\/wp-content\/uploads\/2017\/11\/22901726_1569134393124987_1804365639_n-300x169.png\" alt=\"Animal O'top, comportementaliste chien, \u00e9ducation canine, dressage, \u00e9ducation du chiot\" width=\"412\" height=\"232\" srcset=\"https:\/\/animalotop.com\/wp-content\/uploads\/2017\/11\/22901726_1569134393124987_1804365639_n-300x169.png 300w, https:\/\/animalotop.com\/wp-content\/uploads\/2017\/11\/22901726_1569134393124987_1804365639_n.png 568w\" sizes=\"(max-width: 412px) 100vw, 412px\" \/><\/p>\n<ul style=\"text-align: justify;\">\n<li>Votre chien ne revient pas tr\u00e8s bien ou pas du tout au rappel<\/li>\n<li>Vous souhaiteriez qu\u2019il marche en laisse sans tirer en ville afin de ne pas vous stresser lorsque vous devez vous d\u00e9placer avec lui<\/li>\n<li>Vous aimeriez qu\u2019il reste sage et sache se tenir correctement pendant vos sorties ext\u00e9rieures avec lui (restaurants etc.)<\/li>\n<li>Vous voulez lui apprendre \u00e0 s\u2019arr\u00eater en m\u00eame temps que vous, qu\u2019il apprenne les ordres de base comme les positions Assis, couch\u00e9, debout pour mieux vivre dans la vie courante.<\/li>\n<\/ul>\n<p>ANIMAL O TOP est l\u00e0 pour vous aider \u00e0 g\u00e9rer tout cela, gr\u00e2ce \u00e0 l\u2019apprentissage au moyen d\u2019une m\u00e9thode douce, respectueuse de votre animal qui se nomme le <b>renforcement positif<\/b>. Cette m\u00e9thode privil\u00e9gie la confiance et la complicit\u00e9 homme-animal. Tous les bons comportements seront renforc\u00e9s gr\u00e2ce \u00e0 la distribution de friandises, de caresses, de f\u00e9licitations. Les mauvais comportements seront ignor\u00e9s. Votre compagnon apprendra ainsi \u00e0 coop\u00e9rer pour vous donner satisfaction. Les derni\u00e8res \u00e9tudes scientifiques en \u00e9thologie ont d\u00e9montr\u00e9 que les m\u00e9thodes coercitives (collier \u00e9trangleur, \u00e0 clous, \u00e9lectrique) avaient un impact n\u00e9gatif et de fortes r\u00e9percutions n\u00e9gatives sur le comportement futur des chiens. Nous bannissons donc ces m\u00e9thodes dans notre pratique.<\/p>\n<p style=\"text-align: justify;\"><em><img loading=\"lazy\" decoding=\"async\" class=\"alignnone  wp-image-100\" src=\"http:\/\/animalotop.com\/wp-content\/uploads\/2017\/09\/educ4-230x300.jpg\" alt=\"Animal O'top, comportementaliste chiens, \u00e9ducateur, sp\u00e9cialiste comportement\" width=\"211\" height=\"275\" srcset=\"https:\/\/animalotop.com\/wp-content\/uploads\/2017\/09\/educ4-230x300.jpg 230w, https:\/\/animalotop.com\/wp-content\/uploads\/2017\/09\/educ4.jpg 383w\" sizes=\"(max-width: 211px) 100vw, 211px\" \/><\/em><\/p>\n<p style=\"text-align: justify;\"><i>Une citation d\u2019Axel Munthe que j\u2019aime particuli\u00e8rement :<\/i><\/p>\n<p style=\"text-align: justify;\"><em>Un chien est vraiment un saint. Il est franc et honn\u00eate de nature. Il sait d&rsquo;instinct, quand on n&rsquo;a pas besoin de lui : il reste couch\u00e9 des heures durant quand son seigneur et ma\u00eetre est en plein travail. Mais, si celui-ci est triste ou pr\u00e9occup\u00e9, il s&rsquo;am\u00e8ne doucement et d\u00e9pose sa t\u00eate sur ses genoux :\u00a0\u00a0\u00bbNe t&rsquo;inqui\u00e8tes pas. Cela ne fait rien s&rsquo;ils t&rsquo;ont tous trahi. Allons nous promener et oublier tout \u00e7a.\u00a0\u00bb<\/em><\/p>\n","protected":false},"excerpt":{"rendered":"<p>L&rsquo;\u00e9ducation canine consiste \u00e0 transmettre aux propri\u00e9taires de chiens des techniques de conditionnement dans le but de les aider \u00e0 apprendre \u00e0 leurs compagnons certaines r\u00e8gles de vie utiles tant \u00e0 la maison qu&rsquo;au sein de la soci\u00e9t\u00e9. Ainsi l&rsquo;\u00e9ducation canine recouvre des apprentissages de base comme le \u00ab\u00a0assis\u00a0\u00bb, le \u00ab\u00a0coucher\u00a0\u00bb, le \u00ab\u00a0pas bouger\u00a0\u00bb, la [&hellip;]<\/p>\n<a href=\"https:\/\/animalotop.com\/index.php\/education-canine\/\"> Lire la suite...<\/a>","protected":false},"author":1,"featured_media":0,"parent":0,"menu_order":0,"comment_status":"closed","ping_status":"closed","template":"","meta":{"footnotes":""},"yoast_head":"<!-- This site is optimized with the Yoast SEO plugin v20.3 - https:\/\/yoast.com\/wordpress\/plugins\/seo\/ -->\n<title>Education Canine - Animal O&#039;top<\/title>\n<meta name=\"description\" content=\"Educateur canin, m\u00e9thodes douces, education chien, apprendre au chien a bien se comporter, comportementaliste chien essonne et Paris\" \/>\n<meta name=\"robots\" content=\"index, follow, max-snippet:-1, max-image-preview:large, max-video-preview:-1\" \/>\n<link rel=\"canonical\" href=\"https:\/\/animalotop.com\/index.php\/education-canine\/\" \/>\n<meta property=\"og:locale\" content=\"fr_FR\" \/>\n<meta property=\"og:type\" content=\"article\" \/>\n<meta property=\"og:title\" content=\"Education Canine - Animal O&#039;top\" \/>\n<meta property=\"og:description\" content=\"Educateur canin, m\u00e9thodes douces, education chien, apprendre au chien a bien se comporter, comportementaliste chien essonne et Paris\" \/>\n<meta property=\"og:url\" content=\"https:\/\/animalotop.com\/index.php\/education-canine\/\" \/>\n<meta property=\"og:site_name\" content=\"Animal O&#039;top\" \/>\n<meta property=\"article:modified_time\" content=\"2023-03-27T15:08:51+00:00\" \/>\n<meta property=\"og:image\" content=\"http:\/\/animalotop.com\/wp-content\/uploads\/2017\/11\/education-chien3-300x188.jpg\" \/>\n<meta name=\"twitter:card\" content=\"summary_large_image\" \/>\n<meta name=\"twitter:label1\" content=\"Dur\u00e9e de lecture estim\u00e9e\" \/>\n\t<meta name=\"twitter:data1\" content=\"5 minutes\" \/>\n<script type=\"application\/ld+json\" class=\"yoast-schema-graph\">{\"@context\":\"https:\/\/schema.org\",\"@graph\":[{\"@type\":\"WebPage\",\"@id\":\"https:\/\/animalotop.com\/index.php\/education-canine\/\",\"url\":\"https:\/\/animalotop.com\/index.php\/education-canine\/\",\"name\":\"Education Canine - Animal O&#039;top\",\"isPartOf\":{\"@id\":\"http:\/\/animalotop.com\/#website\"},\"datePublished\":\"2017-09-19T20:48:13+00:00\",\"dateModified\":\"2023-03-27T15:08:51+00:00\",\"description\":\"Educateur canin, m\u00e9thodes douces, education chien, apprendre au chien a bien se comporter, comportementaliste chien essonne et Paris\",\"breadcrumb\":{\"@id\":\"https:\/\/animalotop.com\/index.php\/education-canine\/#breadcrumb\"},\"inLanguage\":\"fr-FR\",\"potentialAction\":[{\"@type\":\"ReadAction\",\"target\":[\"https:\/\/animalotop.com\/index.php\/education-canine\/\"]}]},{\"@type\":\"BreadcrumbList\",\"@id\":\"https:\/\/animalotop.com\/index.php\/education-canine\/#breadcrumb\",\"itemListElement\":[{\"@type\":\"ListItem\",\"position\":1,\"name\":\"Accueil\",\"item\":\"http:\/\/animalotop.com\/\"},{\"@type\":\"ListItem\",\"position\":2,\"name\":\"Education Canine\"}]},{\"@type\":\"WebSite\",\"@id\":\"http:\/\/animalotop.com\/#website\",\"url\":\"http:\/\/animalotop.com\/\",\"name\":\"Animal O&#039;top\",\"description\":\"Comportementaliste canin et f\u00e9lin, \u00e9ducation canine ,sp\u00e9cialiste du comportement, dipl\u00f4m\u00e9e, \u00e0 votre \u00e9coute pour tout souci de comportement avec votre chien ou votre chat. sommes situ\u00e9s \u00e0 15 kms de Paris, \u00e0 Enghien els bains (val d&#039;oise) (\u00efle de France) se d\u00e9place sur la r\u00e9gion parisienne et l\u2019Oise,\",\"potentialAction\":[{\"@type\":\"SearchAction\",\"target\":{\"@type\":\"EntryPoint\",\"urlTemplate\":\"http:\/\/animalotop.com\/?s={search_term_string}\"},\"query-input\":\"required name=search_term_string\"}],\"inLanguage\":\"fr-FR\"}]}<\/script>\n<!-- \/ Yoast SEO plugin. -->","yoast_head_json":{"title":"Education Canine - Animal O&#039;top","description":"Educateur canin, m\u00e9thodes douces, education chien, apprendre au chien a bien se comporter, comportementaliste chien essonne et Paris","robots":{"index":"index","follow":"follow","max-snippet":"max-snippet:-1","max-image-preview":"max-image-preview:large","max-video-preview":"max-video-preview:-1"},"canonical":"https:\/\/animalotop.com\/index.php\/education-canine\/","og_locale":"fr_FR","og_type":"article","og_title":"Education Canine - Animal O&#039;top","og_description":"Educateur canin, m\u00e9thodes douces, education chien, apprendre au chien a bien se comporter, comportementaliste chien essonne et Paris","og_url":"https:\/\/animalotop.com\/index.php\/education-canine\/","og_site_name":"Animal O&#039;top","article_modified_time":"2023-03-27T15:08:51+00:00","og_image":[{"url":"http:\/\/animalotop.com\/wp-content\/uploads\/2017\/11\/education-chien3-300x188.jpg"}],"twitter_card":"summary_large_image","twitter_misc":{"Dur\u00e9e de lecture estim\u00e9e":"5 minutes"},"schema":{"@context":"https:\/\/schema.org","@graph":[{"@type":"WebPage","@id":"https:\/\/animalotop.com\/index.php\/education-canine\/","url":"https:\/\/animalotop.com\/index.php\/education-canine\/","name":"Education Canine - Animal O&#039;top","isPartOf":{"@id":"http:\/\/animalotop.com\/#website"},"datePublished":"2017-09-19T20:48:13+00:00","dateModified":"2023-03-27T15:08:51+00:00","description":"Educateur canin, m\u00e9thodes douces, education chien, apprendre au chien a bien se comporter, comportementaliste chien essonne et Paris","breadcrumb":{"@id":"https:\/\/animalotop.com\/index.php\/education-canine\/#breadcrumb"},"inLanguage":"fr-FR","potentialAction":[{"@type":"ReadAction","target":["https:\/\/animalotop.com\/index.php\/education-canine\/"]}]},{"@type":"BreadcrumbList","@id":"https:\/\/animalotop.com\/index.php\/education-canine\/#breadcrumb","itemListElement":[{"@type":"ListItem","position":1,"name":"Accueil","item":"http:\/\/animalotop.com\/"},{"@type":"ListItem","position":2,"name":"Education Canine"}]},{"@type":"WebSite","@id":"http:\/\/animalotop.com\/#website","url":"http:\/\/animalotop.com\/","name":"Animal O&#039;top","description":"Comportementaliste canin et f\u00e9lin, \u00e9ducation canine ,sp\u00e9cialiste du comportement, dipl\u00f4m\u00e9e, \u00e0 votre \u00e9coute pour tout souci de comportement avec votre chien ou votre chat. sommes situ\u00e9s \u00e0 15 kms de Paris, \u00e0 Enghien els bains (val d&#039;oise) (\u00efle de France) se d\u00e9place sur la r\u00e9gion parisienne et l\u2019Oise,","potentialAction":[{"@type":"SearchAction","target":{"@type":"EntryPoint","urlTemplate":"http:\/\/animalotop.com\/?s={search_term_string}"},"query-input":"required name=search_term_string"}],"inLanguage":"fr-FR"}]}},"_links":{"self":[{"href":"https:\/\/animalotop.com\/index.php\/wp-json\/wp\/v2\/pages\/49"}],"collection":[{"href":"https:\/\/animalotop.com\/index.php\/wp-json\/wp\/v2\/pages"}],"about":[{"href":"https:\/\/animalotop.com\/index.php\/wp-json\/wp\/v2\/types\/page"}],"author":[{"embeddable":true,"href":"https:\/\/animalotop.com\/index.php\/wp-json\/wp\/v2\/users\/1"}],"replies":[{"embeddable":true,"href":"https:\/\/animalotop.com\/index.php\/wp-json\/wp\/v2\/comments?post=49"}],"version-history":[{"count":30,"href":"https:\/\/animalotop.com\/index.php\/wp-json\/wp\/v2\/pages\/49\/revisions"}],"predecessor-version":[{"id":827,"href":"https:\/\/animalotop.com\/index.php\/wp-json\/wp\/v2\/pages\/49\/revisions\/827"}],"wp:attachment":[{"href":"https:\/\/animalotop.com\/index.php\/wp-json\/wp\/v2\/media?parent=49"}],"curies":[{"name":"wp","href":"https:\/\/api.w.org\/{rel}","templated":true}]}}