{"id":270,"date":"2017-10-29T17:35:59","date_gmt":"2017-10-29T16:35:59","guid":{"rendered":"http:\/\/animalotop.com\/?page_id=270"},"modified":"2023-03-19T17:54:45","modified_gmt":"2023-03-19T16:54:45","slug":"accueil","status":"publish","type":"page","link":"http:\/\/animalotop.com\/index.php\/accueil\/","title":{"rendered":"Accueil"},"content":{"rendered":"<p><img loading=\"lazy\" decoding=\"async\" class=\"alignnone size-medium wp-image-718 aligncenter\" src=\"http:\/\/animalotop.com\/wp-content\/uploads\/2019\/07\/20190723_184338-300x146.jpg\" alt=\"AnimalO'Top comportementaliste canin, comportementaliste f\u00e9lin\" width=\"300\" height=\"146\" srcset=\"http:\/\/animalotop.com\/wp-content\/uploads\/2019\/07\/20190723_184338-300x146.jpg 300w, http:\/\/animalotop.com\/wp-content\/uploads\/2019\/07\/20190723_184338-768x373.jpg 768w, http:\/\/animalotop.com\/wp-content\/uploads\/2019\/07\/20190723_184338-1024x498.jpg 1024w, http:\/\/animalotop.com\/wp-content\/uploads\/2019\/07\/20190723_184338.jpg 2000w\" sizes=\"(max-width: 300px) 100vw, 300px\" \/><\/p>\n<p style=\"text-align: justify;\">Bienvenue \u00e0 vous sur mon site comportementaliste, <strong>ANIMAL O&rsquo;TOP<\/strong>, je suis heureuse de vous y accueillir.<\/p>\n<p style=\"text-align: justify;\">Comportementaliste, sp\u00e9cialiste de la relation de l\u2019homme \u00e0 l\u2019animal, je me suis form\u00e9e pour intervenir dans deux domaines distincts : <a href=\"https:\/\/animalotop.com\/index.php\/deroulement-de-la-consultation-chien\/\">le chien<\/a> et <a href=\"https:\/\/animalotop.com\/index.php\/deroulement-de-la-consultation-chat\/\">le chat<\/a>, qui ont des modes de communication bien diff\u00e9rents.<\/p>\n<p style=\"text-align: justify;\">L\u2019objectif d\u2019ANIMALOTOP est de vous aider dans les cas suivants :<\/p>\n<ul style=\"text-align: justify;\">\n<li>Vous rencontrez un probl\u00e8me relationnel<\/li>\n<li>Vous aimeriez modifier certains comportements qu\u2019adopte votre chien, ou votre chat ?<\/li>\n<li>Vous pensez que votre animal est victime d\u2019un mal-\u00eatre<\/li>\n<li>Votre animal a brusquement chang\u00e9 de comportement.<\/li>\n<\/ul>\n<p style=\"text-align: justify;\">Nous vous proposons de mieux comprendre votre animal , en analysant la probl\u00e9matique et en vous expliquant<img loading=\"lazy\" decoding=\"async\" class=\"size-medium wp-image-88 alignright\" src=\"http:\/\/animalotop.com\/wp-content\/uploads\/2017\/09\/animalOtop_pr\u00e9sentation1-300x280.jpg\" alt=\"Animal O'Top , comportementaliste chiens , comportementaliste chats\" width=\"300\" height=\"280\" \/><\/p>\n<p style=\"text-align: justify;\">les raisons des d\u00e9viances comportementales.<\/p>\n<p style=\"text-align: justify;\">Au-del\u00e0 des sp\u00e9cificit\u00e9s des esp\u00e8ces il faut prendre en compte les sp\u00e9cificit\u00e9s de chaque individu, chien et chat car ils sont tous uniques de la m\u00eame mani\u00e8re que les relations qui nous\/vous\u00a0 unissent \u00e0 eux sont uniques et sont \u00e0 entretenir.<\/p>\n<p style=\"text-align: center;\">\u00a0<a href=\"https:\/\/www.facebook.com\/animalotop\/\"><img loading=\"lazy\" decoding=\"async\" class=\"alignnone size-medium wp-image-668\" src=\"http:\/\/animalotop.com\/wp-content\/uploads\/2017\/11\/facebook-300x225.jpg\" alt=\"\" width=\"300\" height=\"225\" srcset=\"http:\/\/animalotop.com\/wp-content\/uploads\/2017\/11\/facebook-300x225.jpg 300w, http:\/\/animalotop.com\/wp-content\/uploads\/2017\/11\/facebook.jpg 320w\" sizes=\"(max-width: 300px) 100vw, 300px\" \/><\/a><\/p>\n","protected":false},"excerpt":{"rendered":"<p>Bienvenue \u00e0 vous sur mon site comportementaliste, ANIMAL O&rsquo;TOP, je suis heureuse de vous y accueillir. Comportementaliste, sp\u00e9cialiste de la relation de l\u2019homme \u00e0 l\u2019animal, je me suis form\u00e9e pour intervenir dans deux domaines distincts : le chien et le chat, qui ont des modes de communication bien diff\u00e9rents. L\u2019objectif d\u2019ANIMALOTOP est de vous aider [&hellip;]<\/p>\n<a href=\"http:\/\/animalotop.com\/index.php\/accueil\/\"> Lire la suite...<\/a>","protected":false},"author":1,"featured_media":0,"parent":0,"menu_order":0,"comment_status":"closed","ping_status":"closed","template":"","meta":{"footnotes":""},"yoast_head":"<!-- This site is optimized with the Yoast SEO plugin v20.3 - https:\/\/yoast.com\/wordpress\/plugins\/seo\/ -->\n<title>Accueil - Animal O&#039;top<\/title>\n<meta name=\"description\" content=\"Animalotop, Comportementaliste canin, Comportementaliste f\u00e9lin et \u00e9ducateur canin \u00e0 votre service en r\u00e9gion parisienne, Essonne.\" \/>\n<meta name=\"robots\" content=\"index, follow, max-snippet:-1, max-image-preview:large, max-video-preview:-1\" \/>\n<link rel=\"canonical\" href=\"http:\/\/animalotop.com\/index.php\/accueil\/\" \/>\n<meta property=\"og:locale\" content=\"fr_FR\" \/>\n<meta property=\"og:type\" content=\"article\" \/>\n<meta property=\"og:title\" content=\"Accueil - Animal O&#039;top\" \/>\n<meta property=\"og:description\" content=\"Animalotop, Comportementaliste canin, Comportementaliste f\u00e9lin et \u00e9ducateur canin \u00e0 votre service en r\u00e9gion parisienne, Essonne.\" \/>\n<meta property=\"og:url\" content=\"http:\/\/animalotop.com\/index.php\/accueil\/\" \/>\n<meta property=\"og:site_name\" content=\"Animal O&#039;top\" \/>\n<meta property=\"article:modified_time\" content=\"2023-03-19T16:54:45+00:00\" \/>\n<meta property=\"og:image\" content=\"http:\/\/animalotop.com\/wp-content\/uploads\/2019\/07\/20190723_184338-300x146.jpg\" \/>\n<meta name=\"twitter:card\" content=\"summary_large_image\" \/>\n<meta name=\"twitter:label1\" content=\"Dur\u00e9e de lecture estim\u00e9e\" \/>\n\t<meta name=\"twitter:data1\" content=\"2 minutes\" \/>\n<script type=\"application\/ld+json\" class=\"yoast-schema-graph\">{\"@context\":\"https:\/\/schema.org\",\"@graph\":[{\"@type\":\"WebPage\",\"@id\":\"http:\/\/animalotop.com\/index.php\/accueil\/\",\"url\":\"http:\/\/animalotop.com\/index.php\/accueil\/\",\"name\":\"Accueil - Animal O&#039;top\",\"isPartOf\":{\"@id\":\"http:\/\/animalotop.com\/#website\"},\"datePublished\":\"2017-10-29T16:35:59+00:00\",\"dateModified\":\"2023-03-19T16:54:45+00:00\",\"description\":\"Animalotop, Comportementaliste canin, Comportementaliste f\u00e9lin et \u00e9ducateur canin \u00e0 votre service en r\u00e9gion parisienne, Essonne.\",\"breadcrumb\":{\"@id\":\"http:\/\/animalotop.com\/index.php\/accueil\/#breadcrumb\"},\"inLanguage\":\"fr-FR\",\"potentialAction\":[{\"@type\":\"ReadAction\",\"target\":[\"http:\/\/animalotop.com\/index.php\/accueil\/\"]}]},{\"@type\":\"BreadcrumbList\",\"@id\":\"http:\/\/animalotop.com\/index.php\/accueil\/#breadcrumb\",\"itemListElement\":[{\"@type\":\"ListItem\",\"position\":1,\"name\":\"Accueil\",\"item\":\"http:\/\/animalotop.com\/\"},{\"@type\":\"ListItem\",\"position\":2,\"name\":\"Accueil\"}]},{\"@type\":\"WebSite\",\"@id\":\"http:\/\/animalotop.com\/#website\",\"url\":\"http:\/\/animalotop.com\/\",\"name\":\"Animal O&#039;top\",\"description\":\"Comportementaliste canin et f\u00e9lin, \u00e9ducation canine ,sp\u00e9cialiste du comportement, dipl\u00f4m\u00e9e, \u00e0 votre \u00e9coute pour tout souci de comportement avec votre chien ou votre chat. sommes situ\u00e9s \u00e0 15 kms de Paris, \u00e0 Enghien els bains (val d&#039;oise) (\u00efle de France) se d\u00e9place sur la r\u00e9gion parisienne et l\u2019Oise,\",\"potentialAction\":[{\"@type\":\"SearchAction\",\"target\":{\"@type\":\"EntryPoint\",\"urlTemplate\":\"http:\/\/animalotop.com\/?s={search_term_string}\"},\"query-input\":\"required name=search_term_string\"}],\"inLanguage\":\"fr-FR\"}]}<\/script>\n<!-- \/ Yoast SEO plugin. -->","yoast_head_json":{"title":"Accueil - Animal O&#039;top","description":"Animalotop, Comportementaliste canin, Comportementaliste f\u00e9lin et \u00e9ducateur canin \u00e0 votre service en r\u00e9gion parisienne, Essonne.","robots":{"index":"index","follow":"follow","max-snippet":"max-snippet:-1","max-image-preview":"max-image-preview:large","max-video-preview":"max-video-preview:-1"},"canonical":"http:\/\/animalotop.com\/index.php\/accueil\/","og_locale":"fr_FR","og_type":"article","og_title":"Accueil - Animal O&#039;top","og_description":"Animalotop, Comportementaliste canin, Comportementaliste f\u00e9lin et \u00e9ducateur canin \u00e0 votre service en r\u00e9gion parisienne, Essonne.","og_url":"http:\/\/animalotop.com\/index.php\/accueil\/","og_site_name":"Animal O&#039;top","article_modified_time":"2023-03-19T16:54:45+00:00","og_image":[{"url":"http:\/\/animalotop.com\/wp-content\/uploads\/2019\/07\/20190723_184338-300x146.jpg"}],"twitter_card":"summary_large_image","twitter_misc":{"Dur\u00e9e de lecture estim\u00e9e":"2 minutes"},"schema":{"@context":"https:\/\/schema.org","@graph":[{"@type":"WebPage","@id":"http:\/\/animalotop.com\/index.php\/accueil\/","url":"http:\/\/animalotop.com\/index.php\/accueil\/","name":"Accueil - Animal O&#039;top","isPartOf":{"@id":"http:\/\/animalotop.com\/#website"},"datePublished":"2017-10-29T16:35:59+00:00","dateModified":"2023-03-19T16:54:45+00:00","description":"Animalotop, Comportementaliste canin, Comportementaliste f\u00e9lin et \u00e9ducateur canin \u00e0 votre service en r\u00e9gion parisienne, Essonne.","breadcrumb":{"@id":"http:\/\/animalotop.com\/index.php\/accueil\/#breadcrumb"},"inLanguage":"fr-FR","potentialAction":[{"@type":"ReadAction","target":["http:\/\/animalotop.com\/index.php\/accueil\/"]}]},{"@type":"BreadcrumbList","@id":"http:\/\/animalotop.com\/index.php\/accueil\/#breadcrumb","itemListElement":[{"@type":"ListItem","position":1,"name":"Accueil","item":"http:\/\/animalotop.com\/"},{"@type":"ListItem","position":2,"name":"Accueil"}]},{"@type":"WebSite","@id":"http:\/\/animalotop.com\/#website","url":"http:\/\/animalotop.com\/","name":"Animal O&#039;top","description":"Comportementaliste canin et f\u00e9lin, \u00e9ducation canine ,sp\u00e9cialiste du comportement, dipl\u00f4m\u00e9e, \u00e0 votre \u00e9coute pour tout souci de comportement avec votre chien ou votre chat. sommes situ\u00e9s \u00e0 15 kms de Paris, \u00e0 Enghien els bains (val d&#039;oise) (\u00efle de France) se d\u00e9place sur la r\u00e9gion parisienne et l\u2019Oise,","potentialAction":[{"@type":"SearchAction","target":{"@type":"EntryPoint","urlTemplate":"http:\/\/animalotop.com\/?s={search_term_string}"},"query-input":"required name=search_term_string"}],"inLanguage":"fr-FR"}]}},"_links":{"self":[{"href":"http:\/\/animalotop.com\/index.php\/wp-json\/wp\/v2\/pages\/270"}],"collection":[{"href":"http:\/\/animalotop.com\/index.php\/wp-json\/wp\/v2\/pages"}],"about":[{"href":"http:\/\/animalotop.com\/index.php\/wp-json\/wp\/v2\/types\/page"}],"author":[{"embeddable":true,"href":"http:\/\/animalotop.com\/index.php\/wp-json\/wp\/v2\/users\/1"}],"replies":[{"embeddable":true,"href":"http:\/\/animalotop.com\/index.php\/wp-json\/wp\/v2\/comments?post=270"}],"version-history":[{"count":15,"href":"http:\/\/animalotop.com\/index.php\/wp-json\/wp\/v2\/pages\/270\/revisions"}],"predecessor-version":[{"id":778,"href":"http:\/\/animalotop.com\/index.php\/wp-json\/wp\/v2\/pages\/270\/revisions\/778"}],"wp:attachment":[{"href":"http:\/\/animalotop.com\/index.php\/wp-json\/wp\/v2\/media?parent=270"}],"curies":[{"name":"wp","href":"https:\/\/api.w.org\/{rel}","templated":true}]}}