{"id":193,"date":"2017-10-23T18:57:10","date_gmt":"2017-10-23T16:57:10","guid":{"rendered":"http:\/\/animalotop.com\/?page_id=193"},"modified":"2023-03-27T17:28:35","modified_gmt":"2023-03-27T15:28:35","slug":"temoignages","status":"publish","type":"page","link":"http:\/\/animalotop.com\/index.php\/temoignages\/","title":{"rendered":"T\u00e9moignages"},"content":{"rendered":"<p>LEURS MAITRES NOUS ONT FAIT CONFIANCE &#8230;..<\/p>\n<p><img loading=\"lazy\" decoding=\"async\" class=\"alignnone size-medium wp-image-448\" src=\"http:\/\/animalotop.com\/wp-content\/uploads\/2017\/11\/sacr\u00e9-300x207.jpg\" alt=\"Animal O'top, comportementaliste chat, sp\u00e9cialiste du chat,\" width=\"300\" height=\"207\" srcset=\"http:\/\/animalotop.com\/wp-content\/uploads\/2017\/11\/sacr\u00e9-300x207.jpg 300w, http:\/\/animalotop.com\/wp-content\/uploads\/2017\/11\/sacr\u00e9.jpg 350w\" sizes=\"(max-width: 300px) 100vw, 300px\" \/><\/p>\n<p>Joli Coeur, superbe sacr\u00e9 de birmanie, consult\u00e9 pour des probl\u00e8mes d&rsquo;agressivit\u00e9 envers sa ma\u00eetresse, et aussi les diff\u00e9rents membres de la famille. En une consultation et un suivi r\u00e9gulier (plusieurs conversations \u00e9chelonn\u00e9es) afin de bien accompagner la ma\u00eetresse, Joli Coeur a cess\u00e9 ses comportements d&rsquo;agression et a retrouv\u00e9 une belle harmonie dans sa famille.<\/p>\n<p><img loading=\"lazy\" decoding=\"async\" class=\"alignnone size-medium wp-image-447\" src=\"http:\/\/animalotop.com\/wp-content\/uploads\/2017\/11\/maine-coon-300x225.jpg\" alt=\"Animal O'top, \u00e9ducateur, comportementaliste chat, comportementaliste chien,\" width=\"300\" height=\"225\" srcset=\"http:\/\/animalotop.com\/wp-content\/uploads\/2017\/11\/maine-coon-300x225.jpg 300w, http:\/\/animalotop.com\/wp-content\/uploads\/2017\/11\/maine-coon.jpg 650w\" sizes=\"(max-width: 300px) 100vw, 300px\" \/><\/p>\n<p>Maki m\u00e2le maine-coon, que nous avons \u00e9galement suivi pour des soucis d&rsquo;agressivit\u00e9\u00a0 \u00e0 plusieurs reprises, il a \u00e9t\u00e9 vu une fois en consultation, et\u00a0 suivi t\u00e9l\u00e9phoniquement.\u00a0 Gr\u00e2ce \u00e0 une meilleure compr\u00e9hension de ses besoins, un r\u00e9tablissement d&rsquo;une certaine qualit\u00e9 de vie pour lui, dans son environnement, Maki va beaucoup mieux et a cess\u00e9 ses agressions.<\/p>\n<p><img loading=\"lazy\" decoding=\"async\" class=\"alignnone  wp-image-444\" src=\"http:\/\/animalotop.com\/wp-content\/uploads\/2017\/11\/images-lhassa1.jpg\" alt=\"Animal O'top, comportementaliste canin, comportementaliste f\u00e9lin,\" width=\"308\" height=\"205\" \/>\u00a0 \u00a0 \u00a0 \u00a0 \u00a0 \u00a0 \u00a0 \u00a0 \u00a0 \u00a0 \u00a0 \u00a0 \u00a0 <img loading=\"lazy\" decoding=\"async\" class=\"alignnone  wp-image-445\" src=\"http:\/\/animalotop.com\/wp-content\/uploads\/2017\/11\/lhassa_apso2.jpg\" alt=\"Animal O'top, comportementaliste chien, comportementaliste chat\" width=\"242\" height=\"205\" \/><\/p>\n<p>La belle Lychee est arriv\u00e9e pour tenir compagnie \u00e0 Banquise, mais Lychee \u00e9tait malpropre. C&rsquo;\u00e9tait un gros soucis pour la propri\u00e9taire.\u00a0 Gr\u00e2ce \u00e0 la mise en place de nouvelles r\u00e8gles de vie, en quelques semaines, le probl\u00e8me a \u00e9t\u00e9 r\u00e9solu et la ma\u00eetresse a pu profiter de ses deux princesses plus sereinement.<\/p>\n<p><img loading=\"lazy\" decoding=\"async\" class=\"size-medium wp-image-443 aligncenter\" src=\"http:\/\/animalotop.com\/wp-content\/uploads\/2017\/11\/chartreux-300x225.jpg\" alt=\"\" width=\"300\" height=\"225\" srcset=\"http:\/\/animalotop.com\/wp-content\/uploads\/2017\/11\/chartreux-300x225.jpg 300w, http:\/\/animalotop.com\/wp-content\/uploads\/2017\/11\/chartreux.jpg 550w\" sizes=\"(max-width: 300px) 100vw, 300px\" \/><\/p>\n<p>L\u00e9o un magnifique male chartreux\u00a0 qui arrivait en fin d&rsquo;adolescence a commenc\u00e9 \u00e0 avoir\u00a0 beaucoup de comportements agressifs envers sa ma\u00eetresse uniquement (plusieurs agressions par semaine) Depuis notre intervention, L\u00e9o a retrouv\u00e9 un comportement tout \u00e0 fait normal, sa ma\u00eetresse a appliqu\u00e9 nos consignes avec beaucoup d&rsquo;assiduit\u00e9 et cela a port\u00e9 ses fruits : Leo a \u00e9t\u00e9 m\u00e9tamorphos\u00e9, elle\u00a0 l&rsquo;a vu venir faire des c\u00e2lins chose qu&rsquo;il ne faisait pas avant.<\/p>\n<p><img loading=\"lazy\" decoding=\"async\" class=\"alignnone size-medium wp-image-446\" src=\"http:\/\/animalotop.com\/wp-content\/uploads\/2017\/11\/Lilou-223x300.jpg\" alt=\"\" width=\"223\" height=\"300\" srcset=\"http:\/\/animalotop.com\/wp-content\/uploads\/2017\/11\/Lilou-223x300.jpg 223w, http:\/\/animalotop.com\/wp-content\/uploads\/2017\/11\/Lilou.jpg 714w\" sizes=\"(max-width: 223px) 100vw, 223px\" \/><\/p>\n<p>Narco, chien adopt\u00e9 en association, a \u00e9t\u00e9 vu pour des soucis de comportement, il avait du mal \u00e0 s&rsquo;adapter \u00e0 la vie en appartement et ne supportait pas la solitude.<\/p>\n<p><img loading=\"lazy\" decoding=\"async\" class=\"wp-image-451 aligncenter\" src=\"http:\/\/animalotop.com\/wp-content\/uploads\/2017\/11\/chien-golden-retriever-300x169.jpg\" alt=\"\" width=\"380\" height=\"214\" srcset=\"http:\/\/animalotop.com\/wp-content\/uploads\/2017\/11\/chien-golden-retriever-300x169.jpg 300w, http:\/\/animalotop.com\/wp-content\/uploads\/2017\/11\/chien-golden-retriever.jpg 670w\" sizes=\"(max-width: 380px) 100vw, 380px\" \/><\/p>\n<p>Le beau Largo, est arriv\u00e9 dans une famille dont la ma\u00eetresse n&rsquo;avait pas l&rsquo;habitude des chiens,\u00a0 il a fallu donner confiance, expliquer les besoins \u00e9thologiques du chien, afin que la cohabitation entre Largo , les enfants, la ma\u00eetresse se passent au mieux pour le bien de tous les membres de la famille.<\/p>\n<p><img loading=\"lazy\" decoding=\"async\" class=\"size-medium wp-image-453\" src=\"http:\/\/animalotop.com\/wp-content\/uploads\/2017\/11\/bichon-266x300.jpg\" alt=\"Animal O'top, comportementaliste chien, comportementaliste chat, dressage\" width=\"266\" height=\"300\" srcset=\"http:\/\/animalotop.com\/wp-content\/uploads\/2017\/11\/bichon-266x300.jpg 266w, http:\/\/animalotop.com\/wp-content\/uploads\/2017\/11\/bichon-768x867.jpg 768w, http:\/\/animalotop.com\/wp-content\/uploads\/2017\/11\/bichon-907x1024.jpg 907w, http:\/\/animalotop.com\/wp-content\/uploads\/2017\/11\/bichon.jpg 1456w\" sizes=\"(max-width: 266px) 100vw, 266px\" \/><\/p>\n<p>Nous avons \u00e9t\u00e9 appel\u00e9 \u00e0 intervenir pour Kacie, petite femelle bichon maltais d&rsquo;un an qui\u00a0 occasionnait pas mal de soucis \u00e0 ses ma\u00eetres, elle devait rester de longues heures seules et ne supportait pas la solitude. Elle \u00e9tait malpropre, m\u00eame juste apr\u00e8s \u00eatre sortie \u00e0 l&rsquo;ext\u00e9rieur, et aussi ne supportait pas la solitude,\u00a0 elle\u00a0 d\u00e9truisait \u00e9norm\u00e9ment son environnement. Apr\u00e8s avoir mis en place des recommandations pr\u00e9cises demandant une motivation des ma\u00eetres indispensable pour la r\u00e9ussite du changement de comportement , Kacie a pu enfin avoir un comportement plus ad\u00e9quat.<\/p>\n","protected":false},"excerpt":{"rendered":"<p>LEURS MAITRES NOUS ONT FAIT CONFIANCE &#8230;.. Joli Coeur, superbe sacr\u00e9 de birmanie, consult\u00e9 pour des probl\u00e8mes d&rsquo;agressivit\u00e9 envers sa ma\u00eetresse, et aussi les diff\u00e9rents membres de la famille. En une consultation et un suivi r\u00e9gulier (plusieurs conversations \u00e9chelonn\u00e9es) afin de bien accompagner la ma\u00eetresse, Joli Coeur a cess\u00e9 ses comportements d&rsquo;agression et a retrouv\u00e9 [&hellip;]<\/p>\n<a href=\"http:\/\/animalotop.com\/index.php\/temoignages\/\"> Lire la suite...<\/a>","protected":false},"author":1,"featured_media":0,"parent":0,"menu_order":0,"comment_status":"closed","ping_status":"closed","template":"","meta":{"footnotes":""},"yoast_head":"<!-- This site is optimized with the Yoast SEO plugin v20.3 - https:\/\/yoast.com\/wordpress\/plugins\/seo\/ -->\n<title>T\u00e9moignages - Animal O&#039;top<\/title>\n<meta name=\"description\" content=\"Comportementaliste canin, comportementaliste f\u00e9lin, expert en comportement chat , comportement chiens et \u00e9ducation, en essonne et Paris.\" \/>\n<meta name=\"robots\" content=\"index, follow, max-snippet:-1, max-image-preview:large, max-video-preview:-1\" \/>\n<link rel=\"canonical\" href=\"http:\/\/animalotop.com\/index.php\/temoignages\/\" \/>\n<meta property=\"og:locale\" content=\"fr_FR\" \/>\n<meta property=\"og:type\" content=\"article\" \/>\n<meta property=\"og:title\" content=\"T\u00e9moignages - Animal O&#039;top\" \/>\n<meta property=\"og:description\" content=\"Comportementaliste canin, comportementaliste f\u00e9lin, expert en comportement chat , comportement chiens et \u00e9ducation, en essonne et Paris.\" \/>\n<meta property=\"og:url\" content=\"http:\/\/animalotop.com\/index.php\/temoignages\/\" \/>\n<meta property=\"og:site_name\" content=\"Animal O&#039;top\" \/>\n<meta property=\"article:modified_time\" content=\"2023-03-27T15:28:35+00:00\" \/>\n<meta property=\"og:image\" content=\"http:\/\/animalotop.com\/wp-content\/uploads\/2017\/11\/maine-coon-300x225.jpg\" \/>\n<meta name=\"twitter:card\" content=\"summary_large_image\" \/>\n<meta name=\"twitter:label1\" content=\"Dur\u00e9e de lecture estim\u00e9e\" \/>\n\t<meta name=\"twitter:data1\" content=\"4 minutes\" \/>\n<script type=\"application\/ld+json\" class=\"yoast-schema-graph\">{\"@context\":\"https:\/\/schema.org\",\"@graph\":[{\"@type\":\"WebPage\",\"@id\":\"http:\/\/animalotop.com\/index.php\/temoignages\/\",\"url\":\"http:\/\/animalotop.com\/index.php\/temoignages\/\",\"name\":\"T\u00e9moignages - Animal O&#039;top\",\"isPartOf\":{\"@id\":\"https:\/\/animalotop.com\/#website\"},\"datePublished\":\"2017-10-23T16:57:10+00:00\",\"dateModified\":\"2023-03-27T15:28:35+00:00\",\"description\":\"Comportementaliste canin, comportementaliste f\u00e9lin, expert en comportement chat , comportement chiens et \u00e9ducation, en essonne et Paris.\",\"breadcrumb\":{\"@id\":\"http:\/\/animalotop.com\/index.php\/temoignages\/#breadcrumb\"},\"inLanguage\":\"fr-FR\",\"potentialAction\":[{\"@type\":\"ReadAction\",\"target\":[\"http:\/\/animalotop.com\/index.php\/temoignages\/\"]}]},{\"@type\":\"BreadcrumbList\",\"@id\":\"http:\/\/animalotop.com\/index.php\/temoignages\/#breadcrumb\",\"itemListElement\":[{\"@type\":\"ListItem\",\"position\":1,\"name\":\"Accueil\",\"item\":\"https:\/\/animalotop.com\/\"},{\"@type\":\"ListItem\",\"position\":2,\"name\":\"T\u00e9moignages\"}]},{\"@type\":\"WebSite\",\"@id\":\"https:\/\/animalotop.com\/#website\",\"url\":\"https:\/\/animalotop.com\/\",\"name\":\"Animal O&#039;top\",\"description\":\"Comportementaliste canin et f\u00e9lin, \u00e9ducation canine ,sp\u00e9cialiste du comportement, dipl\u00f4m\u00e9e, \u00e0 votre \u00e9coute pour tout souci de comportement avec votre chien ou votre chat. sommes situ\u00e9s \u00e0 15 kms de Paris, \u00e0 Enghien els bains (val d&#039;oise) (\u00efle de France) se d\u00e9place sur la r\u00e9gion parisienne et l\u2019Oise,\",\"potentialAction\":[{\"@type\":\"SearchAction\",\"target\":{\"@type\":\"EntryPoint\",\"urlTemplate\":\"https:\/\/animalotop.com\/?s={search_term_string}\"},\"query-input\":\"required name=search_term_string\"}],\"inLanguage\":\"fr-FR\"}]}<\/script>\n<!-- \/ Yoast SEO plugin. -->","yoast_head_json":{"title":"T\u00e9moignages - Animal O&#039;top","description":"Comportementaliste canin, comportementaliste f\u00e9lin, expert en comportement chat , comportement chiens et \u00e9ducation, en essonne et Paris.","robots":{"index":"index","follow":"follow","max-snippet":"max-snippet:-1","max-image-preview":"max-image-preview:large","max-video-preview":"max-video-preview:-1"},"canonical":"http:\/\/animalotop.com\/index.php\/temoignages\/","og_locale":"fr_FR","og_type":"article","og_title":"T\u00e9moignages - Animal O&#039;top","og_description":"Comportementaliste canin, comportementaliste f\u00e9lin, expert en comportement chat , comportement chiens et \u00e9ducation, en essonne et Paris.","og_url":"http:\/\/animalotop.com\/index.php\/temoignages\/","og_site_name":"Animal O&#039;top","article_modified_time":"2023-03-27T15:28:35+00:00","og_image":[{"url":"http:\/\/animalotop.com\/wp-content\/uploads\/2017\/11\/maine-coon-300x225.jpg"}],"twitter_card":"summary_large_image","twitter_misc":{"Dur\u00e9e de lecture estim\u00e9e":"4 minutes"},"schema":{"@context":"https:\/\/schema.org","@graph":[{"@type":"WebPage","@id":"http:\/\/animalotop.com\/index.php\/temoignages\/","url":"http:\/\/animalotop.com\/index.php\/temoignages\/","name":"T\u00e9moignages - Animal O&#039;top","isPartOf":{"@id":"https:\/\/animalotop.com\/#website"},"datePublished":"2017-10-23T16:57:10+00:00","dateModified":"2023-03-27T15:28:35+00:00","description":"Comportementaliste canin, comportementaliste f\u00e9lin, expert en comportement chat , comportement chiens et \u00e9ducation, en essonne et Paris.","breadcrumb":{"@id":"http:\/\/animalotop.com\/index.php\/temoignages\/#breadcrumb"},"inLanguage":"fr-FR","potentialAction":[{"@type":"ReadAction","target":["http:\/\/animalotop.com\/index.php\/temoignages\/"]}]},{"@type":"BreadcrumbList","@id":"http:\/\/animalotop.com\/index.php\/temoignages\/#breadcrumb","itemListElement":[{"@type":"ListItem","position":1,"name":"Accueil","item":"https:\/\/animalotop.com\/"},{"@type":"ListItem","position":2,"name":"T\u00e9moignages"}]},{"@type":"WebSite","@id":"https:\/\/animalotop.com\/#website","url":"https:\/\/animalotop.com\/","name":"Animal O&#039;top","description":"Comportementaliste canin et f\u00e9lin, \u00e9ducation canine ,sp\u00e9cialiste du comportement, dipl\u00f4m\u00e9e, \u00e0 votre \u00e9coute pour tout souci de comportement avec votre chien ou votre chat. sommes situ\u00e9s \u00e0 15 kms de Paris, \u00e0 Enghien els bains (val d&#039;oise) (\u00efle de France) se d\u00e9place sur la r\u00e9gion parisienne et l\u2019Oise,","potentialAction":[{"@type":"SearchAction","target":{"@type":"EntryPoint","urlTemplate":"https:\/\/animalotop.com\/?s={search_term_string}"},"query-input":"required name=search_term_string"}],"inLanguage":"fr-FR"}]}},"_links":{"self":[{"href":"http:\/\/animalotop.com\/index.php\/wp-json\/wp\/v2\/pages\/193"}],"collection":[{"href":"http:\/\/animalotop.com\/index.php\/wp-json\/wp\/v2\/pages"}],"about":[{"href":"http:\/\/animalotop.com\/index.php\/wp-json\/wp\/v2\/types\/page"}],"author":[{"embeddable":true,"href":"http:\/\/animalotop.com\/index.php\/wp-json\/wp\/v2\/users\/1"}],"replies":[{"embeddable":true,"href":"http:\/\/animalotop.com\/index.php\/wp-json\/wp\/v2\/comments?post=193"}],"version-history":[{"count":13,"href":"http:\/\/animalotop.com\/index.php\/wp-json\/wp\/v2\/pages\/193\/revisions"}],"predecessor-version":[{"id":839,"href":"http:\/\/animalotop.com\/index.php\/wp-json\/wp\/v2\/pages\/193\/revisions\/839"}],"wp:attachment":[{"href":"http:\/\/animalotop.com\/index.php\/wp-json\/wp\/v2\/media?parent=193"}],"curies":[{"name":"wp","href":"https:\/\/api.w.org\/{rel}","templated":true}]}}